22/26)/1 + (-2)/13. Suppose 714 = 2*h - r + 2*r, 0 = -h - 4*r + j. What is the tens digit of h?
5
Suppose 0 = 24*n - 30*n + 44068 - 10792. What is the tens digit of n?
4
Let t = 70 - 11. Let k = t + -53. What is the hundreds digit of 4521/(-22)*(-4)/k?
1
Let k(q) = -1537*q - 3504. What is the units digit of k(-55)?
1
Suppose -108*y + 105*y + 3*a = -18906, -5*a - 20 = 0. What is the thousands digit of y?
6
Suppose -376*u = -373*u - 5*l - 967, -2*l = -4*u + 1322. What is the units digit of u?
4
Suppose 2*d = 8*i - 6*i - 938, -2*i + 1406 = -3*d. Let r = 759 + d. What is the tens digit of r?
9
Let z(x) = 10*x - 28. Let u be z(3). Suppose 0*c - 4*j - 546 = -u*c, 2*j - 8 = 0. What is the hundreds digit of c?
2
Let o(s) = 2*s**3 + s**2 + 4*s + 3. Let w be o(-1). Let t(a) = 2*a**2 - 3*a + 1. Let b be t(w). What is the units digit of (86/10)/(3/b)?
3
Suppose -61*s + 11462 + 175198 = 0. What is the units digit of s?
0
Let r(t) = -10*t - 9*t + 7 - 3*t + 18*t. Let w be r(0). Suppose 0 = w*b - 212 - 1503. What is the hundreds digit of b?
2
Let r be (-2)/5 + -58*(-91)/70. Suppose s = -4*s - 10, -5*l + 3*s - 94 = 0. Let m = r + l. What is the tens digit of m?
5
Let n be (-1 - -2) + -9 + 5. Let m(t) = -3*t**3 + t**2 - 5*t - 20. Let c(r) = -r**3 - 2*r - 10. Let i(v) = -5*c(v) + 2*m(v). What is the units digit of i(n)?
5
Let p = 288 + -272. Suppose 0 = -z - 3*b + 422, 4*z - 12*b = -p*b + 1648. What is the tens digit of z?
0
Let r be 12/(-54) - 4/(-18). Suppose 2*c - 7 = -5*k - 91, -5*c + k - 183 = r. Let u = 71 + c. What is the tens digit of u?
3
Let i(k) = 95*k**2 + k**3 + 2*k - 95*k**2 + 87. Let m = 27 + -27. What is the tens digit of i(m)?
8
Let y be (-6 - -3)*(-20)/6. Suppose 9*w = y*w - 39. Suppose 0 = -5*x - 3*n + 291, 155 = 2*x + n + w. What is the units digit of x?
7
Let m = -3095 + 5591. What is the tens digit of m?
9
Suppose 1758701 = 103*s - 1271278 + 632242. What is the ten thousands digit of s?
2
Let z(j) = -7*j**2 - 2*j + 622. Let a(w) = 2*w**2 - w + 1. Let d(t) = -a(t) + z(t). What is the tens digit of d(0)?
2
Suppose -5*v + 3*v = -56. Suppose -2705*f = -2719*f - 238. Let w = f + v. What is the units digit of w?
1
Let i(n) = 15*n**2 + 154*n - 2409. What is the ten thousands digit of i(-62)?
4
Let n = 46 - 46. Suppose 0 = -4*q, 5*y + 2*q + q - 1195 = n. What is the units digit of y?
9
Let h = 0 - 21. Let z = 30 + h. Let r(t) = 6*t + 22. What is the tens digit of r(z)?
7
Let g = 7027 - -6060. What is the thousands digit of g?
3
Let n = -90 + 53. Let x = 586 + n. Suppose -6*j + x = -297. What is the units digit of j?
1
Let w(b) be the second derivative of b**3/3 + 13*b**2/2 - 9*b. Let j be w(-4). What is the units digit of 5/25 + 4/j?
1
Let r = 42 - 36. Let z(x) = 5*x - 15. Let f be z(r). Suppose -2*m + f = 3*l, -2*m + 4*m + 5*l = 9. What is the tens digit of m?
1
Let h(t) = -3*t**2 + 2*t - 21. Let q be h(-6). Let p = q + 179. What is the tens digit of p?
3
Let h be -9*8/(-12) - -2. Suppose 7*i + 2 = h*i. Suppose -3*z = -2*t + 156, -4*t + 106 = -i*z - 206. What is the units digit of t?
8
Suppose 2*f + 5*x - 549 = 0, 5*f - 3*x = -x + 1300. Suppose -77 = -5*j - f. Let i = j + 61. What is the tens digit of i?
2
Let j(d) = d**3 + 36*d**2 + 3*d - 376. What is the units digit of j(-35)?
4
Suppose 15 = 9*s - 30. Suppose 5*h = -s*j + 3570, -2*j + 1438 = -0*h - 3*h. What is the hundreds digit of j?
7
Let u(d) = -12*d + 870. What is the units digit of u(41)?
8
Let u(y) = y**3 - 2*y**2 - 9*y + 2. Let l be u(4). What is the units digit of 336 - (-3 + (l - -5))?
6
Let t be 3366/10 + 760/(-475). Suppose 3*q - 5*f = 0, q - 2*f + 10 = 3*f. Suppose -3*p = 4*l - t, q*p - 4*l + 2*l = 541. What is the units digit of p?
9
Let q = 192 + -332. Let x = 140 + q. Suppose x = -23*t + 28*t - 225. What is the units digit of t?
5
Suppose q = -3*k + 2*k + 42, -q - 36 = -k. Suppose -k*g = 5*g - 12540. What is the hundreds digit of g?
2
Suppose 4*g - 4*u = -0*g + 340, -4*g + 2*u = -330. Let j = g + -83. Let x(l) = 19*l**2 + 2*l - 9. What is the units digit of x(j)?
6
Suppose -33*o - 7581633 = -144*o. What is the units digit of o?
3
Let w = 1923 - -17635. What is the tens digit of w?
5
Let p(h) = -258*h + 104. Let g be p(3). Let w = -54 - g. What is the tens digit of w?
1
Suppose 14 = -41*q + 43*q. What is the units digit of (-1032)/(-32)*((-6)/2 + q)?
9
Let v(t) = -5*t**3 - 2*t**2 - 10*t + 55. What is the hundreds digit of v(-12)?
5
Let h be 35/14*(-3)/(45/(-42)). Suppose -159 - 247 = -h*g. Suppose -b = 4*a - g, b + 3*a - 11 = 42. What is the units digit of b?
8
Let n(b) = 23*b**2 - 7*b**2 + 14*b + 7 - 13*b**2. Let f be n(5). Let q = f + -90. What is the tens digit of q?
6
Let t(g) = 2*g**2 - 3*g**2 + 55*g + 22 - 57*g + 30. Suppose 0*l - 2*l - 2 = -2*w, -5*w + 3*l + 3 = 0. What is the tens digit of t(w)?
5
Let y(r) = 5*r - 25. Let x be y(5). Suppose -2*w + 239 = -4*c - 335, 4*w + 2*c - 1148 = x. Let z = -108 + w. What is the tens digit of z?
7
Suppose -331*m + 332*m - 52807 = -5*h, 2*m = -2*h + 21126. What is the thousands digit of h?
0
Let i(k) = -2*k**2 - 12*k - 11. Let a be i(-4). Suppose -s = a*u - 2*u - 2740, 5*u + 5*s - 4550 = 0. Suppose 5*w + 130 = u. What is the tens digit of w?
5
Suppose 54*x = -9*x - 72*x + 1312470. What is the hundreds digit of x?
7
Let n(t) be the second derivative of 2*t**4/3 + 5*t**3/3 + 4*t**2 + 21*t. Let a be n(5). Suppose 15*s + a = 17*s. What is the tens digit of s?
2
Let o be 76/(-16)*16/(-2). Let f = 173 - o. Suppose 160 = a - g + 28, a + 2*g = f. What is the hundreds digit of a?
1
Let r(o) be the third derivative of -205*o**4/24 - 7*o**3/3 + 2*o**2. Let x be r(2). What is the units digit of (-12)/8*1*x/6?
6
Let c(h) be the third derivative of 0 + 0*h - 1/24*h**4 + 1/2*h**3 - h**2. What is the tens digit of c(-13)?
1
Suppose -13*l + 91*l - 793653 = 1310397. What is the tens digit of l?
7
Let n be (-5)/15 + 38*(-154)/12. Let v = 772 + n. What is the tens digit of v?
8
Let h = -400 + 1824. Suppose 5*y + 269 = h. What is the hundreds digit of y?
2
Let k(w) be the first derivative of 6*w**2 + w + 38. Let g be k(15). Let a = g + -88. What is the tens digit of a?
9
Suppose 5*j - 9 = 11. Suppose 5*r - 2*r - 12 = -2*l, j*r - 16 = -l. Suppose -4*z = -2*n + 38, l = 2*n + z - 2*z - 47. What is the units digit of n?
5
Let j(l) = 3*l**2 - 121*l - 56. Let d(k) = -k**3 + 9*k**2 - 14*k + 11. Let h be d(5). What is the tens digit of j(h)?
2
Suppose -4*g - u - 26 - 1 = 0, 0 = -g - 5*u + 17. Let k = 265 + g. What is the units digit of k?
7
Let s(u) = 76*u**2 + u - 1. Let w be s(1). Let v = -21 + w. What is the tens digit of (-1)/(-2)*(v + 1)?
2
Let t(h) = -19*h**3 - h**2 + 19*h + 8. What is the units digit of t(-6)?
2
Let m = -5068 - -11386. What is the thousands digit of m?
6
Suppose 4*i + 353 = 2*a + i, 0 = -4*a + 2*i + 686. What is the hundreds digit of a?
1
Let u = -636 + 641. Let h(m) be the first derivative of m**4/4 - 4*m**3/3 + 4*m + 1. What is the tens digit of h(u)?
2
Let i = 168 + -169. Let s(w) = -333*w**3 - w**2 - 3*w - 1. What is the tens digit of s(i)?
3
Let p(l) = 77*l + 75 + 119 - 141. What is the hundreds digit of p(7)?
5
Suppose 7694 = -14*o + 2472. Let g(z) = z**2 - z + 591. Let w be g(0). Let v = o + w. What is the tens digit of v?
1
Suppose -4*a + 1815 = -177 - 1184. What is the tens digit of a?
9
Let f be 6/27*-1 - (-4556)/9. Let o = f + -452. What is the tens digit of o?
5
Let p(t) = -2*t - 5. Suppose -5*k = -0*k + 20. Let q be p(k). Let s(w) = 18*w + 7. What is the units digit of s(q)?
1
Let q(y) = -y**2 - 11*y - 1. Suppose -3*x + 12 = 0, i - 3*x = -x - 19. Let o be q(i). What is the tens digit of (91 - -2) + ((-3)/1 - o)?
9
Suppose 12 = -4*l - 2*r, -5*l = -4*r - r. What is the tens digit of (28/(-21) - -2)/(l/(-558))?
8
Suppose -23*u = -22*u - 16239. What is the hundreds digit of u?
2
Let g be (2008/(-20))/(4 - 36/10). Let a = 104 - g. What is the tens digit of a?
5
Let t be (-24)/(-42) + (360/(-14))/(-4). Suppose -t*a - 5 - 9 = 0. What is the hundreds digit of (a - 213*-1) + (-3 - -6)?
2
Let t(b) = 2*b**3 - 6*b - 17*b**2 + 75*b**2 - 16*b - 36 - 15*b + 5. What is the units digit of t(-29)?
2
Let m = -30 + 30. Suppose m = -0*j + 4*j + 3*f - 1446, -3*f - 1434 = -4*j. What is the hundreds digit of j?
3
What is the tens digit of -58*(-4)